the highest common factor of 201 and 2676659514.
201
Calculate the greatest common divisor of 2000747882 and 26716.
13358
Calculate the highest common divisor of 161810 and 40513.
11
Calculate the highest common factor of 182 and 11189906.
182
Calculate the highest common divisor of 75524 and 2227480.
956
What is the greatest common divisor of 14666568 and 168?
168
What is the greatest common factor of 455 and 1278004?
91
What is the greatest common factor of 480 and 5282235?
15
What is the greatest common factor of 2825928 and 8379?
441
What is the greatest common divisor of 102200 and 125560?
2920
What is the greatest common factor of 366 and 18415656?
366
What is the greatest common factor of 70844 and 23229?
89
Calculate the highest common divisor of 11222 and 87966.
362
What is the greatest common factor of 380 and 27274690?
190
Calculate the greatest common factor of 193 and 38010192.
193
What is the highest common factor of 48356856 and 1656?
1656
What is the greatest common divisor of 372 and 254686?
2
Calculate the greatest common factor of 2684 and 71581060.
244
What is the greatest common factor of 8256 and 270720?
192
Calculate the greatest common divisor of 440 and 9508700.
20
What is the highest common factor of 293085 and 112320?
1755
Calculate the highest common divisor of 100743239 and 788.
197
Calculate the greatest common divisor of 1668404 and 999.
37
What is the highest common divisor of 832 and 165194952?
104
Calculate the highest common divisor of 3387335 and 7.
7
Calculate the greatest common factor of 460160 and 540.
20
Calculate the greatest common divisor of 7854 and 324114.
42
Calculate the greatest common divisor of 21239970 and 595.
85
Calculate the greatest common factor of 720819837 and 81.
27
What is the greatest common factor of 140283 and 87282?
117
What is the highest common divisor of 2109766 and 150406?
314
Calculate the greatest common divisor of 22745814 and 1274.
182
Calculate the highest common factor of 419 and 275320291.
419
What is the greatest common factor of 202147 and 671?
11
Calculate the highest common divisor of 98 and 439389321.
49
Calculate the greatest common divisor of 8380 and 18790.
10
Calculate the greatest common factor of 3015 and 1655905.
335
What is the highest common factor of 175148882 and 99850?
3994
What is the greatest common divisor of 1998 and 155467266?
222
What is the greatest common divisor of 3146290 and 1246?
14
Calculate the greatest common factor of 575 and 37120525.
25
What is the greatest common divisor of 70434 and 109746?
1638
What is the greatest common divisor of 48 and 451829072?
16
Calculate the highest common divisor of 548 and 601156.
548
What is the highest common divisor of 3187688106 and 4254?
4254
Calculate the greatest common factor of 12 and 185542422.
6
What is the greatest common divisor of 1131053 and 5955?
397
Calculate the highest common factor of 164528709 and 4671.
519
What is the greatest common factor of 172331 and 13?
1
Calculate the greatest common divisor of 289955 and 10.
5
Calculate the highest common factor of 112 and 422446.
2
Calculate the greatest common factor of 1147 and 3904943.
37
Calculate the greatest common factor of 171331245 and 9540.
2385
Calculate the highest common divisor of 361284 and 3012977.
253
What is the greatest common divisor of 39625 and 835925?
25
Calculate the highest common divisor of 15025 and 22214162.
601
What is the highest common factor of 248054611 and 9002?
4501
What is the highest common factor of 532343226 and 3051?
339
What is the highest common divisor of 19939600 and 321810?
6310
Calculate the greatest common factor of 6737637 and 2169.
723
What is the highest common divisor of 8901 and 93267?
387
Calculate the highest common factor of 117884 and 68588.
52
Calculate the greatest common divisor of 1100 and 117208025.
275
Calculate the greatest common factor of 94 and 1127234887.
47
Calculate the highest common factor of 40970 and 51500.
10
What is the greatest common divisor of 330360552 and 279?
279
What is the highest common factor of 14866587 and 54?
9
What is the greatest common factor of 180 and 51196725?
45
Calculate the greatest common factor of 16777399 and 58.
29
What is the greatest common factor of 1210 and 10940870?
10
What is the greatest common divisor of 7392 and 20053152?
672
Calculate the highest common factor of 20860488 and 4.
4
Calculate the greatest common factor of 59010 and 623539.
1967
Calculate the highest common divisor of 3830 and 1405565572.
766
Calculate the highest common factor of 5134842414 and 23.
23
Calculate the greatest common factor of 3904 and 1016512.
64
Calculate the greatest common factor of 1085 and 10244570.
1085
Calculate the greatest common divisor of 367220 and 9760.
1220
What is the highest common divisor of 23785 and 1281040?
335
What is the highest common factor of 90 and 12825?
45
What is the greatest common factor of 153062980 and 140?
140
Calculate the greatest common divisor of 229 and 2545106.
229
Calculate the highest common factor of 151893195 and 15.
15
What is the highest common divisor of 96835 and 13645?
5
Calculate the highest common divisor of 43381 and 120367.
611
Calculate the highest common divisor of 1234 and 244309788.
1234
What is the highest common factor of 32 and 43651760?
16
Calculate the greatest common divisor of 229188 and 1119309.
807
What is the greatest common factor of 10817 and 364421?
373
Calculate the greatest common divisor of 29691462 and 2877.
411
What is the greatest common divisor of 30 and 770396910?
30
What is the highest common divisor of 7 and 14333200?
7
What is the greatest common factor of 625860 and 735?
15
What is the highest common factor of 2511 and 2906405?
31
What is the highest common factor of 8999831 and 232?
29
Calculate the highest common divisor of 130937329 and 66032.
4127
Calculate the greatest common factor of 3705224 and 559.
43
Calculate the greatest common factor of 8758772 and 7524.
836
What is the highest common divisor of 5122 and 1561816?
394
Calculate the highest common divisor of 150970 and 376451.
487
Calculate the greatest common factor of 2180209 and 5207.
127
Calculate the highest common divisor of 1865131488 and 88.
88
Calculate the greatest common divisor of 15743 and 132722486.
2249
Calculate the highest common divisor of 2451183989 and 433.
433
What is the highest common factor of 158 and 6143909?
79
What is the greatest common divisor of 4068 and 7664?
4
Calculate the greatest common factor of 14761232 and 31958.
1682
Calculate the highest common divisor of 120 and 18152490.
30
What is the highest common divisor of 505386 and 38220?
294
Calculate the greatest common factor of 428500 and 111500.
500
Calculate the highest common divisor of 50 and 4487113.
1
What is the highest common divisor of 2938 and 42244033?
1469
What is the highest common factor of 16452 and 1476?
36
What is the highest common factor of 4258 and 446?
2
What is the greatest common factor of 1594872 and 9600?
24
Calculate the greatest common factor of 3600 and 4903875.
225
Calculate the greatest common divisor of 4754 and 1814371231.
2377
What is the highest common factor of 69575076 and 36?
36
What is the highest common divisor of 1063168 and 286464?
256
What is the greatest common factor of 53526 and 936056?
22
Calculate the highest common factor of 4730 and 1044670.
110
What is the highest common divisor of 32 and 11521560?
8
Calculate the highest common factor of 16296 and 424710426.
4074
What is the greatest common factor of 14997405 and 6255?
2085
What is the greatest common divisor of 1346342 and 137304?
3814
Calculate the highest common factor of 902112497 and 4862.
2431
Calculate the highest common divisor of 315 and 15560451.
9
What is the greatest common factor of 167194329 and 1373?
1373
What is the highest common factor of 7475 and 73250814?
299
Calculate the greatest common factor of 46021010 and 20335.
2905
Calculate the greatest common divisor of 14328033 and 69744.
4359
Calculate the greatest common divisor of 5607 and 470736.
63
Calculate the greatest common factor of 28726 and 49661.
53
Calculate the greatest common factor of 2848 and 10828452.
356
What is the greatest common diviso